16539
List the prime factors of 344770.
2, 5, 23, 1499
List the prime factors of 8040320.
2, 5, 17, 739
What are the prime factors of 1155068?
2, 288767
What are the prime factors of 5346777?
3, 83, 109, 197
List the prime factors of 4444519.
4444519
List the prime factors of 10858868.
2, 601, 4517
What are the prime factors of 773300?
2, 5, 11, 19, 37
List the prime factors of 903987.
3, 7, 4783
What are the prime factors of 1264807?
1264807
What are the prime factors of 10957281?
3, 19, 192233
What are the prime factors of 205845?
3, 5, 13723
What are the prime factors of 1779683?
1779683
List the prime factors of 6878586.
2, 3, 11, 13, 8017
What are the prime factors of 317878?
2, 11, 14449
List the prime factors of 1690209.
3, 67, 2803
What are the prime factors of 339183?
3, 13, 223
List the prime factors of 5588115.
3, 5, 13, 28657
What are the prime factors of 5047537?
11, 29, 15823
List the prime factors of 2258962.
2, 43, 26267
What are the prime factors of 970831?
79, 12289
List the prime factors of 2599099.
2599099
What are the prime factors of 158957?
41, 3877
What are the prime factors of 18587013?
3, 23, 269377
List the prime factors of 8261562.
2, 3, 31, 44417
What are the prime factors of 828196?
2, 31, 6679
List the prime factors of 20804366.
2, 11, 97, 9749
What are the prime factors of 6588295?
5, 7, 26891
What are the prime factors of 4920092?
2, 1230023
What are the prime factors of 50569?
61, 829
List the prime factors of 6339285.
3, 5, 179, 787
List the prime factors of 5998525.
5, 13, 18457
What are the prime factors of 313469?
13, 24113
What are the prime factors of 823935?
3, 5, 7, 19, 59
What are the prime factors of 6187376?
2, 13, 151, 197
What are the prime factors of 8455772?
2, 13, 162611
What are the prime factors of 8659685?
5, 1731937
What are the prime factors of 4218846?
2, 3, 703141
List the prime factors of 1667285.
5, 333457
List the prime factors of 131551.
7, 18793
List the prime factors of 359529.
3, 37, 41, 79
List the prime factors of 1080046.
2, 11, 4463
What are the prime factors of 8472695?
5, 7, 11, 59, 373
What are the prime factors of 751412?
2, 19, 9887
List the prime factors of 8934505.
5, 79, 22619
List the prime factors of 194664.
2, 3, 8111
What are the prime factors of 305819?
41, 7459
What are the prime factors of 191543?
11, 1583
What are the prime factors of 3917835?
3, 5, 29021
What are the prime factors of 28698?
2, 3, 4783
What are the prime factors of 541541?
7, 11, 13, 541
What are the prime factors of 421269?
3, 140423
List the prime factors of 41058111.
3, 17, 805061
List the prime factors of 734931.
3, 37, 2207
What are the prime factors of 21191716?
2, 7, 13, 8317
What are the prime factors of 8880912?
2, 3, 61673
What are the prime factors of 439052?
2, 19, 53, 109
What are the prime factors of 525768?
2, 3, 19, 1153
What are the prime factors of 35235111?
3, 11745037
What are the prime factors of 4856170?
2, 5, 11, 131, 337
List the prime factors of 21359005.
5, 4271801
List the prime factors of 2374728.
2, 3, 98947
List the prime factors of 147693.
3, 7, 13, 541
What are the prime factors of 614705?
5, 7, 13, 193
What are the prime factors of 438191?
13, 37, 911
What are the prime factors of 366243?
3, 122081
List the prime factors of 2362107.
3, 11, 31, 2309
List the prime factors of 163624.
2, 113, 181
What are the prime factors of 9351?
3, 1039
What are the prime factors of 155266?
2, 29, 2677
What are the prime factors of 130699?
130699
What are the prime factors of 3917326?
2, 7, 73, 3833
List the prime factors of 13344516.
2, 3, 41, 9041
What are the prime factors of 1560057?
3, 520019
List the prime factors of 9337055.
5, 7, 13, 20521
List the prime factors of 2125.
5, 17
List the prime factors of 26295822.
2, 3, 7, 208697
List the prime factors of 2900366.
2, 7, 207169
What are the prime factors of 1069778?
2, 534889
List the prime factors of 9567279.
3, 19, 55949
List the prime factors of 6232279.
6232279
What are the prime factors of 3794085?
3, 5, 84313
List the prime factors of 165696.
2, 3, 863
What are the prime factors of 508129?
508129
List the prime factors of 1162093.
1162093
What are the prime factors of 3837673?
7, 548239
List the prime factors of 6969298.
2, 7, 293, 1699
List the prime factors of 4938057.
3, 37, 4943
What are the prime factors of 3193584?
2, 3, 66533
What are the prime factors of 1280291?
1280291
What are the prime factors of 9465108?
2, 3, 577, 1367
What are the prime factors of 1158364?
2, 73, 3967
What are the prime factors of 11802715?
5, 2360543
What are the prime factors of 462790?
2, 5, 46279
List the prime factors of 1163785.
5, 7, 41, 811
List the prime factors of 14726417.
23, 640279
List the prime factors of 2017540.
2, 5, 7, 14411
List the prime factors of 134880.
2, 3, 5, 281
What are the prime factors of 197748?
2, 3, 1831
List the prime factors of 189133.
7, 41, 659
List the prime factors of 8012115.
3, 5, 73, 271
List the prime factors of 5554485.
3, 5, 123433
What are the prime factors of 3640857?
3, 11, 31, 3559
List the prime factors of 142872.
2, 3, 5953
List the prime factors of 16306608.
2, 3, 383, 887
List the prime factors of 161098.
2, 7, 37, 311
What are the prime factors of 835920?
2, 3, 5, 43
What are the prime factors of 463656?
2, 3, 19319
What are the prime factors of 905017?
113, 8009
List the prime factors of 7210481.
19, 379499
What are the prime factors of 904615?
5, 239, 757
List the prime factors of 1087681.
7, 155383
List the prime factors of 133339.
47, 2837
What are the prime factors of 35387396?
2, 11, 804259
What are the prime factors of 106212?
2, 3, 53, 167
What are the prime factors of 11277816?
2, 3, 11, 42719
List the prime factors of 217056.
2, 3, 7, 17, 19
List the prime factors of 314637.
3, 104879
What are the prime factors of 98358?
2, 3, 13, 97
What are the prime factors of 274369?
29, 9461
List the prime factors of 18678179.
13, 401, 3583
List the prime factors of 1560659.
1560659
What are the prime factors of 157037?
157037
What are the prime factors of 11711?
7, 239
List the prime factors of 70801.
101, 701
List the prime factors of 7957.
73, 109
List the prime factors of 1877691.
3, 101, 6197
List the prime factors of 4827692.
2, 31, 38933
List the prime factors of 3864214.
2, 1932107
List the prime factors of 46947.
3, 15649
List the prime factors of 58631.
58631
List the prime factors of 8069170.
2, 5, 806917
What are the prime factors of 339477?
3, 113159
What are the prime factors of 8400624?
2, 3, 175013
List the prime factors of 11397346.
2, 71, 80263
List the prime factors of 9047967.
3, 163, 18503
What are the prime factors of 172564?
2, 7, 6163
List the prime factors of 1614878.
2, 227, 3557
What are the prime factors of 663902?
2, 137, 2423
List the prime factors of 117244.
2, 29311
List the prime factors of 230050.
2, 5, 43, 107
List the prime factors of 1477819.
7, 23, 67, 137
List the prime factors of 978330.
2, 3, 5, 32611
List the prime factors of 22747638.
2, 3, 3791273
What are the prime factors of 6802864?
2, 193, 2203
What are the prime factors of 7379942?
2, 19, 157, 1237
List the prime factors of 1029450.
2, 3, 5, 6863
List the prime factors of 10954427.
11, 601, 1657
List the prime factors of 2389144.
2, 73, 4091
What are the prime factors of 150659?
150659
List the prime factors of 17683536.
2, 3, 13, 17, 1667
What are the prime factors of 24747426?
2, 3, 11, 124987
What are the prime factors of 23919685?
5, 1753, 2729
What are the prime factors of 3905105?
5, 781021
What are the prime factors of 2957015?
5, 591403
What are the prime factors of 1565609?
1565609
List the prime factors of 4853711.
43, 112877
What are the prime factors of 19456013?
29, 670897
List the prime factors of 9928423.
107, 92789
What are the prime factors of 469380?
2, 3, 5, 7823
What are the prime factors of 532954?
2, 266477
List the prime factors of 1753244.
2, 17, 19, 23, 59
List the prime factors of 3228422.
2, 41, 39371
What are the prime factors of 8057633?
47, 171439
What are the prime factors of 2416325?
5, 19, 5087
What are the prime factors of 2843984?
2, 11, 13, 113
What are the prime factors of 418157?
418157
List the prime factors of 1994158.
2, 41, 83, 293
List the